n 3286 is divided by 11.
8
What is the remainder when 299 is divided by 100?
99
What is the remainder when 538 is divided by 45?
43
What is the remainder when 281 is divided by 19?
15
Calculate the remainder when 1125 is divided by 111.
15
Calculate the remainder when 13 is divided by 8.
5
Calculate the remainder when 298 is divided by 14.
4
Calculate the remainder when 726 is divided by 181.
2
What is the remainder when 792 is divided by 351?
90
Calculate the remainder when 1634 is divided by 14.
10
What is the remainder when 264 is divided by 14?
12
Calculate the remainder when 367 is divided by 41.
39
Calculate the remainder when 429 is divided by 57.
30
What is the remainder when 660 is divided by 17?
14
Calculate the remainder when 67 is divided by 37.
30
What is the remainder when 76 is divided by 13?
11
Calculate the remainder when 111 is divided by 7.
6
Calculate the remainder when 7401 is divided by 462.
9
Calculate the remainder when 2529 is divided by 33.
21
What is the remainder when 243 is divided by 18?
9
What is the remainder when 286 is divided by 50?
36
Calculate the remainder when 1079 is divided by 28.
15
What is the remainder when 376 is divided by 34?
2
Calculate the remainder when 670 is divided by 8.
6
What is the remainder when 648 is divided by 14?
4
Calculate the remainder when 236 is divided by 52.
28
Calculate the remainder when 487 is divided by 85.
62
Calculate the remainder when 105 is divided by 47.
11
Calculate the remainder when 185 is divided by 17.
15
What is the remainder when 187 is divided by 28?
19
What is the remainder when 898 is divided by 17?
14
What is the remainder when 118 is divided by 28?
6
Calculate the remainder when 8948 is divided by 121.
115
What is the remainder when 39 is divided by 20?
19
What is the remainder when 272 is divided by 56?
48
Calculate the remainder when 180 is divided by 37.
32
Calculate the remainder when 581 is divided by 53.
51
Calculate the remainder when 339 is divided by 280.
59
Calculate the remainder when 1130 is divided by 87.
86
Calculate the remainder when 204 is divided by 45.
24
Calculate the remainder when 33 is divided by 9.
6
Calculate the remainder when 83 is divided by 22.
17
What is the remainder when 2516 is divided by 11?
8
Calculate the remainder when 6137 is divided by 25.
12
What is the remainder when 36 is divided by 2?
0
What is the remainder when 2447 is divided by 245?
242
Calculate the remainder when 10918 is divided by 35.
33
What is the remainder when 274 is divided by 54?
4
Calculate the remainder when 64827 is divided by 10.
7
Calculate the remainder when 95 is divided by 20.
15
Calculate the remainder when 129 is divided by 7.
3
What is the remainder when 695 is divided by 35?
30
Calculate the remainder when 193 is divided by 18.
13
What is the remainder when 100 is divided by 73?
27
What is the remainder when 48 is divided by 18?
12
What is the remainder when 2781 is divided by 58?
55
What is the remainder when 8989 is divided by 81?
79
What is the remainder when 206 is divided by 100?
6
Calculate the remainder when 143 is divided by 16.
15
Calculate the remainder when 556 is divided by 33.
28
What is the remainder when 986 is divided by 322?
20
Calculate the remainder when 2529 is divided by 841.
6
Calculate the remainder when 62 is divided by 18.
8
What is the remainder when 122 is divided by 36?
14
Calculate the remainder when 1299 is divided by 6.
3
Calculate the remainder when 696 is divided by 20.
16
Calculate the remainder when 131 is divided by 48.
35
Calculate the remainder when 1194 is divided by 57.
54
Calculate the remainder when 197 is divided by 100.
97
Calculate the remainder when 226 is divided by 199.
27
What is the remainder when 354 is divided by 93?
75
What is the remainder when 108 is divided by 6?
0
Calculate the remainder when 327 is divided by 11.
8
What is the remainder when 29 is divided by 9?
2
What is the remainder when 194 is divided by 14?
12
Calculate the remainder when 430 is divided by 119.
73
Calculate the remainder when 2516 is divided by 70.
66
What is the remainder when 222 is divided by 10?
2
Calculate the remainder when 1593 is divided by 28.
25
What is the remainder when 142 is divided by 36?
34
Calculate the remainder when 158 is divided by 46.
20
Calculate the remainder when 1759 is divided by 40.
39
What is the remainder when 35188 is divided by 3?
1
What is the remainder when 260 is divided by 131?
129
Calculate the remainder when 44 is divided by 2.
0
What is the remainder when 4937 is divided by 38?
35
Calculate the remainder when 219 is divided by 113.
106
Calculate the remainder when 9469 is divided by 64.
61
Calculate the remainder when 1250 is divided by 125.
0
Calculate the remainder when 206 is divided by 5.
1
Calculate the remainder when 3452 is divided by 16.
12
Calculate the remainder when 2105 is divided by 49.
47
What is the remainder when 260 is divided by 33?
29
Calculate the remainder when 2603 is divided by 5.
3
What is the remainder when 551 is divided by 17?
7
Calculate the remainder when 237 is divided by 208.
29
Calculate the remainder when 54 is divided by 44.
10
What is the remainder when 169 is divided by 81?
7
Calculate the remainder when 1631 is divided by 63.
56
What is the remainder when 214 is divided by 62?
28
What is the remainder when 1215 is divided by 79?
30
Calculate the remainder when 23940 is divided by 269.
268
What is the remainder when 464 is divided by 52?
48
Calculate the remainder when 1403 is divided by 117.
116
Calculate the remainder when 243 is divided by 110.
23
Calculate the remainder when 888 is divided by 54.
24
Calculate the remainder when 680 is divided by 79.
48
Calculate the remainder when 84 is divided by 14.
0
What is the remainder when 441 is divided by 65?
51
Calculate the remainder when 670 is divided by 6.
4
Calculate the remainder when 325 is divided by 104.
13
What is the remainder when 75 is divided by 27?
21
Calculate the remainder when 1749 is divided by 580.
9
Calculate the remainder when 113 is divided by 60.
53
Calculate the remainder when 982 is divided by 24.
22
What is the remainder when 529 is divided by 53?
52
Calculate the remainder when 783 is divided by 14.
13
Calculate the remainder when 254 is divided by 63.
2
Calculate the remainder when 173 is divided by 31.
18
Calculate the remainder when 140 is divided by 29.
24
Calculate the remainder when 1425 is divided by 461.
42
Calculate the remainder when 2638 is divided by 115.
108
What is the remainder when 38 is divided by 21?
17
Calculate the remainder when 7250 is divided by 220.
210
What is the remainder when 25490 is divided by 13?
10
What is the remainder when 415 is divided by 15?
10
Calculate the remainder when 226 is divided by 57.
55
Calculate the remainder when 1628 is divided by 272.
268
Calculate the remainder when 251 is divided by 41.
5
What is the remainder when 859 is divided by 236?
151
Calculate the remainder when 261 is divided by 35.
16
What is the remainder when 184 is divided by 79?
26
What is the remainder when 3751 is divided by 56?
55
Calculate the remainder when 1396 is divided by 236.
216
Calculate the remainder when 68 is divided by 25.
18
Calculate the remainder when 577 is divided by 190.
7
What is the remainder when 7275 is divided by 16?
11
Calculate the remainder when 56 is divided by 11.
1
Calculate the remainder when 194 is divided by 12.
2
Calculate the remainder when 1198 is divided by 130.
28
What is the remainder when 122 is divided by 62?
60
Calculate the remainder when 870 is divided by 46.
42
Calculate the remainder when 252 is divided by 51.
48
What is the remainder when 84 is divided by 35?
14
What is the remainder when 331 is divided by 141?
49
Calculate the remainder when 218 is divided by 214.
4
What is the remainder when 177 is divided by 12?
9
Calculate the remainder when 1629 is divided by 78.
69
What is the remainder when 45 is divided by 14?
3
What is the remainder when 8987 is divided by 7?
6
Calculate the remainder when 447 is divided by 13.
5
Calculate the remainder when 130 is divided by 63.
4
What is the remainder when 777 is divided by 15?
12
Calculate the remainder when 570 is divided by 52.
50
What is the r